{"id":158,"date":"2025-07-04T00:28:06","date_gmt":"2025-07-04T04:28:06","guid":{"rendered":"https:\/\/new.raqi.ca\/?page_id=158"},"modified":"2025-07-22T19:37:42","modified_gmt":"2025-07-22T23:37:42","slug":"liscence-et-certificat","status":"publish","type":"page","link":"https:\/\/new.raqi.ca\/index.php\/liscence-et-certificat\/","title":{"rendered":"Licence et certificat"},"content":{"rendered":"\n<p>Au Canada, les indicatifs d&rsquo;appel des radioamateurs sont \u00e9mises par Innovation, Sciences et D\u00e9veloppement \u00e9conomique Canada (anciennement Industrie Canada) aux d\u00e9tenteurs des divers certificats de radioamateur. <\/p>\n\n\n\n<p>Les trois niveaux de comp\u00e9tence, auxquels sont associ\u00e9s des privil\u00e8ges concernant les bandes de fr\u00e9quences, les modes de fonctionnement et la puissance de l&rsquo;\u00e9metteur sont: <\/p>\n\n\n\n<p>a) Le d\u00e9tenteur d&rsquo;une comp\u00e9tence de base canadienne (qui N&rsquo;EXIGE PAS L&rsquo;EXAMEN DU CODE MORSE) obtient tous les privil\u00e8ges de la radioamateur au-dessus de 30 MHz, \u00e0 l&rsquo;exception de pouvoir op\u00e9rer l\u2019\u00e9metteur \u00e0 haute puissance. Ces privil\u00e8ges incluent la tr\u00e8s populaire bande 2 m\u00e8tres. Beaucoup de d\u00e9tenteurs de la comp\u00e9tence de base aiment utiliser des petits radios portatifs 2 m\u00e8tres pour demeurer en contact avec d&rsquo;autres amis radioamateurs de leur r\u00e9gion. Ils peuvent utiliser la modulation de fr\u00e9quence (MF), les communications num\u00e9riques par packet (\u00e0 l&rsquo;aide de l&rsquo;ordinateur), la t\u00e9l\u00e9vision, la modulation \u00e0 bande lat\u00e9rale unique et plusieurs autres modes int\u00e9ressants. Ils peuvent m\u00eame \u00e9tablir des contacts internationaux par satellites en utilisant une installation relativement simple. Pour obtenir votre certificat de base, vous aurez \u00e0 r\u00e9ussir un examen \u00e9crit. Cet examen se pr\u00e9sente sous forme de questions dont les r\u00e9ponses sont \u00e0 choix multiples, et il s&rsquo;adresse \u00e0 des d\u00e9butants. Vous \u00e9tudierez des sujets tels que les diverses fa\u00e7ons d&rsquo;op\u00e9rer un appareil radio, la th\u00e9orie \u00e9lectrique de base et les r\u00e8glements de la radiocommunication applicables \u00e0 la radioamateur tels qu&rsquo;\u00e9tablis par le gouvernement. <\/p>\n\n\n\n<p>b) Si vous ajoutez la comp\u00e9tence en code Morse \u00e0 la vitesse de 5 mots \u00e0 la minute ou une note de passage de la comp\u00e9tence de base de plus de 80%, vous obtenez tous les privil\u00e8ges autoris\u00e9s sur les bandes radioamateurs en dessous 30 MHz, \u00e0 l&rsquo;exception de pouvoir op\u00e9rer l\u2019\u00e9metteur \u00e0 haute puissance. Ces bandes incluent les populaires ondes courtes qui facilitent les communications mondiales. <\/p>\n\n\n\n<p>c) Si vous ajoutez la comp\u00e9tence sup\u00e9rieure \u00e0 votre comp\u00e9tence de base, vous pouvez construire et op\u00e9rer votre propre \u00e9quipement d&rsquo;\u00e9mission, utiliser un \u00e9metteur \u00e0 haute puissance et op\u00e9rer votre propre station relais. <\/p>\n\n\n\n<p>Vous pouvez trouver les d\u00e9tails concernant les niveaux de puissance et les autres privil\u00e8ges d&rsquo;op\u00e9ration dans la documentation d&rsquo;Innovation, Sciences et D\u00e9veloppement \u00e9conomique Canada (ISDE) dont les liens sont sur le site Web d&rsquo;Indicatif.ca. Les documents sont disponibles pour t\u00e9l\u00e9chargement en format Adobe PDF. <\/p>\n\n\n\n<p>Il est \u00e9galement possible d&rsquo;\u00e9crire au centre de service sur la radioamateur au: Innovation, Sciences et D\u00e9veloppement \u00e9conomique Canada, Centre de service pour la radioamateur C. P. 9654, Succursale T Ottawa (Ontario) K1G 6K9 C. \u00e9lec. : Spectrum.amateur@ic.gc.ca T\u00e9l\u00e9phone : 1-888-780-3333 (sans frais) T\u00e9l\u00e9copieur : 1-613-991-5575<\/p>\n","protected":false},"excerpt":{"rendered":"<p>Au Canada, les indicatifs d&rsquo;appel des radioamateurs sont \u00e9mises par Innovation, Sciences et D\u00e9veloppement \u00e9conomique Canada (anciennement Industrie Canada) aux d\u00e9tenteurs des divers certificats de radioamateur. Les trois niveaux de comp\u00e9tence, auxquels sont associ\u00e9s des privil\u00e8ges concernant les bandes de fr\u00e9quences, les modes de fonctionnement et la puissance de l&rsquo;\u00e9metteur sont: a) Le d\u00e9tenteur d&rsquo;une [&hellip;]<\/p>\n","protected":false},"author":1,"featured_media":0,"parent":0,"menu_order":0,"comment_status":"closed","ping_status":"closed","template":"","meta":{"footnotes":""},"class_list":["post-158","page","type-page","status-publish","hentry"],"_links":{"self":[{"href":"https:\/\/new.raqi.ca\/index.php\/wp-json\/wp\/v2\/pages\/158","targetHints":{"allow":["GET"]}}],"collection":[{"href":"https:\/\/new.raqi.ca\/index.php\/wp-json\/wp\/v2\/pages"}],"about":[{"href":"https:\/\/new.raqi.ca\/index.php\/wp-json\/wp\/v2\/types\/page"}],"author":[{"embeddable":true,"href":"https:\/\/new.raqi.ca\/index.php\/wp-json\/wp\/v2\/users\/1"}],"replies":[{"embeddable":true,"href":"https:\/\/new.raqi.ca\/index.php\/wp-json\/wp\/v2\/comments?post=158"}],"version-history":[{"count":2,"href":"https:\/\/new.raqi.ca\/index.php\/wp-json\/wp\/v2\/pages\/158\/revisions"}],"predecessor-version":[{"id":290,"href":"https:\/\/new.raqi.ca\/index.php\/wp-json\/wp\/v2\/pages\/158\/revisions\/290"}],"wp:attachment":[{"href":"https:\/\/new.raqi.ca\/index.php\/wp-json\/wp\/v2\/media?parent=158"}],"curies":[{"name":"wp","href":"https:\/\/api.w.org\/{rel}","templated":true}]}}