{"id":51,"date":"2025-07-03T23:20:20","date_gmt":"2025-07-04T03:20:20","guid":{"rendered":"https:\/\/new.raqi.ca\/?page_id=51"},"modified":"2025-07-03T23:38:31","modified_gmt":"2025-07-04T03:38:31","slug":"politiques-de-la-federation-des-clubs-radioamateurs-du-quebec-raqi","status":"publish","type":"page","link":"https:\/\/new.raqi.ca\/index.php\/politiques-de-la-federation-des-clubs-radioamateurs-du-quebec-raqi\/","title":{"rendered":"Politiques de la F\u00e9d\u00e9ration des clubs radioamateurs du Qu\u00e9bec (RAQI)"},"content":{"rendered":"\n<p>Dans la pr\u00e9sente section, vous trouverez toutes les politiques de&nbsp;<strong>RAQI<\/strong>&nbsp;pr\u00e9sentement en vigueur.<\/p>\n\n\n\n<p><a href=\"https:\/\/new.raqi.ca\/wp-content\/uploads\/2025\/07\/P03-24-Politique-du-CA.pdf\" target=\"_blank\" rel=\"noreferrer noopener\">Politique du CA<\/a><\/p>\n\n\n\n<p><a href=\"https:\/\/new.raqi.ca\/wp-content\/uploads\/2025\/07\/P04-25-Politique-budgetaire-et-de-remboursement-des-depenses.pdf\" target=\"_blank\" rel=\"noreferrer noopener\">Politique budg\u00e9taire et de remboursement des d\u00e9penses<\/a><\/p>\n\n\n\n<p><\/p>\n","protected":false},"excerpt":{"rendered":"<p>Dans la pr\u00e9sente section, vous trouverez toutes les politiques de&nbsp;RAQI&nbsp;pr\u00e9sentement en vigueur. Politique du CA Politique budg\u00e9taire et de remboursement des d\u00e9penses<\/p>\n","protected":false},"author":1,"featured_media":0,"parent":0,"menu_order":0,"comment_status":"closed","ping_status":"closed","template":"","meta":{"footnotes":""},"class_list":["post-51","page","type-page","status-publish","hentry"],"_links":{"self":[{"href":"https:\/\/new.raqi.ca\/index.php\/wp-json\/wp\/v2\/pages\/51","targetHints":{"allow":["GET"]}}],"collection":[{"href":"https:\/\/new.raqi.ca\/index.php\/wp-json\/wp\/v2\/pages"}],"about":[{"href":"https:\/\/new.raqi.ca\/index.php\/wp-json\/wp\/v2\/types\/page"}],"author":[{"embeddable":true,"href":"https:\/\/new.raqi.ca\/index.php\/wp-json\/wp\/v2\/users\/1"}],"replies":[{"embeddable":true,"href":"https:\/\/new.raqi.ca\/index.php\/wp-json\/wp\/v2\/comments?post=51"}],"version-history":[{"count":9,"href":"https:\/\/new.raqi.ca\/index.php\/wp-json\/wp\/v2\/pages\/51\/revisions"}],"predecessor-version":[{"id":142,"href":"https:\/\/new.raqi.ca\/index.php\/wp-json\/wp\/v2\/pages\/51\/revisions\/142"}],"wp:attachment":[{"href":"https:\/\/new.raqi.ca\/index.php\/wp-json\/wp\/v2\/media?parent=51"}],"curies":[{"name":"wp","href":"https:\/\/api.w.org\/{rel}","templated":true}]}}